{"id":4319,"date":"2024-12-12T16:57:14","date_gmt":"2024-12-12T15:57:14","guid":{"rendered":"https:\/\/www.ghislainegarcin.fr\/?post_type=product&#038;p=4319"},"modified":"2025-12-29T00:02:57","modified_gmt":"2025-12-28T23:02:57","slug":"piece-murale-le-temps-du-reve","status":"publish","type":"product","link":"https:\/\/www.ghislainegarcin.fr\/en\/product\/piece-murale-le-temps-du-reve\/","title":{"rendered":"Pi\u00e8ce murale Le Temps du R\u00eave"},"content":{"rendered":"<p>Cette pi\u00e8ce murale d&rsquo;inspiration aborig\u00e8ne fait partie de la Collection Le Temps du R\u00eave.<\/p>\n<p>Dimension 72 x 76 cm, coloris Ocre Rouge.<\/p>\n<p>Maille &amp; feutre, support bois.<\/p>\n<p>&nbsp;<\/p>","protected":false},"excerpt":{"rendered":"<p>Pi\u00e8ce unique. Dimension 72 x 76 cm, coloris Ocre Rouge<\/p>","protected":false},"featured_media":4322,"template":"","meta":[],"product_cat":[29],"product_tag":[],"yoast_head":"<!-- This site is optimized with the Yoast SEO plugin v23.5 - https:\/\/yoast.com\/wordpress\/plugins\/seo\/ -->\n<title>Pi\u00e8ce murale Le Temps du R\u00eave | Ghislaine Garcin<\/title>\n<meta name=\"description\" content=\"Cette pi\u00e8ce murale d&#039;inspiration aborig\u00e8ne fait partie de la Collection Le Temps du R\u00eave. Elle invite au voyage immobile dans une cartographie secr\u00e8te et mystique.\" \/>\n<meta name=\"robots\" content=\"index, follow, max-snippet:-1, max-image-preview:large, max-video-preview:-1\" \/>\n<link rel=\"canonical\" href=\"https:\/\/www.ghislainegarcin.fr\/en\/product\/piece-murale-le-temps-du-reve\/\" \/>\n<meta property=\"og:locale\" content=\"en_GB\" \/>\n<meta property=\"og:type\" content=\"article\" \/>\n<meta property=\"og:title\" content=\"Pi\u00e8ce murale Le Temps du R\u00eave | Ghislaine Garcin\" \/>\n<meta property=\"og:description\" content=\"Cette pi\u00e8ce murale d&#039;inspiration aborig\u00e8ne fait partie de la Collection Le Temps du R\u00eave. Elle invite au voyage immobile dans une cartographie secr\u00e8te et mystique.\" \/>\n<meta property=\"og:url\" content=\"https:\/\/www.ghislainegarcin.fr\/en\/product\/piece-murale-le-temps-du-reve\/\" \/>\n<meta property=\"og:site_name\" content=\"Ghislaine Garcin\" \/>\n<meta property=\"article:publisher\" content=\"https:\/\/www.facebook.com\/ghislainegarcin.creationstextiles\/\" \/>\n<meta property=\"article:modified_time\" content=\"2025-12-28T23:02:57+00:00\" \/>\n<meta property=\"og:image\" content=\"https:\/\/www.ghislainegarcin.fr\/wp-content\/uploads\/2024\/12\/GGarcin\u00a9ZoeForget01-gene.jpg\" \/>\n\t<meta property=\"og:image:width\" content=\"1300\" \/>\n\t<meta property=\"og:image:height\" content=\"1304\" \/>\n\t<meta property=\"og:image:type\" content=\"image\/jpeg\" \/>\n<meta name=\"twitter:card\" content=\"summary_large_image\" \/>\n<meta name=\"twitter:label1\" content=\"Estimated reading time\" \/>\n\t<meta name=\"twitter:data1\" content=\"1 minute\" \/>\n<script type=\"application\/ld+json\" class=\"yoast-schema-graph\">{\"@context\":\"https:\/\/schema.org\",\"@graph\":[{\"@type\":\"WebPage\",\"@id\":\"https:\/\/www.ghislainegarcin.fr\/produit\/piece-murale-le-temps-du-reve\/\",\"url\":\"https:\/\/www.ghislainegarcin.fr\/produit\/piece-murale-le-temps-du-reve\/\",\"name\":\"Pi\u00e8ce murale Le Temps du R\u00eave | Ghislaine Garcin\",\"isPartOf\":{\"@id\":\"https:\/\/www.ghislainegarcin.fr\/#website\"},\"primaryImageOfPage\":{\"@id\":\"https:\/\/www.ghislainegarcin.fr\/produit\/piece-murale-le-temps-du-reve\/#primaryimage\"},\"image\":{\"@id\":\"https:\/\/www.ghislainegarcin.fr\/produit\/piece-murale-le-temps-du-reve\/#primaryimage\"},\"thumbnailUrl\":\"https:\/\/www.ghislainegarcin.fr\/wp-content\/uploads\/2024\/12\/GGarcin\u00a9ZoeForget01-gene.jpg\",\"datePublished\":\"2024-12-12T15:57:14+00:00\",\"dateModified\":\"2025-12-28T23:02:57+00:00\",\"description\":\"Cette pi\u00e8ce murale d'inspiration aborig\u00e8ne fait partie de la Collection Le Temps du R\u00eave. Elle invite au voyage immobile dans une cartographie secr\u00e8te et mystique.\",\"breadcrumb\":{\"@id\":\"https:\/\/www.ghislainegarcin.fr\/produit\/piece-murale-le-temps-du-reve\/#breadcrumb\"},\"inLanguage\":\"en-GB\",\"potentialAction\":[{\"@type\":\"ReadAction\",\"target\":[\"https:\/\/www.ghislainegarcin.fr\/produit\/piece-murale-le-temps-du-reve\/\"]}]},{\"@type\":\"ImageObject\",\"inLanguage\":\"en-GB\",\"@id\":\"https:\/\/www.ghislainegarcin.fr\/produit\/piece-murale-le-temps-du-reve\/#primaryimage\",\"url\":\"https:\/\/www.ghislainegarcin.fr\/wp-content\/uploads\/2024\/12\/GGarcin\u00a9ZoeForget01-gene.jpg\",\"contentUrl\":\"https:\/\/www.ghislainegarcin.fr\/wp-content\/uploads\/2024\/12\/GGarcin\u00a9ZoeForget01-gene.jpg\",\"width\":1300,\"height\":1304},{\"@type\":\"BreadcrumbList\",\"@id\":\"https:\/\/www.ghislainegarcin.fr\/produit\/piece-murale-le-temps-du-reve\/#breadcrumb\",\"itemListElement\":[{\"@type\":\"ListItem\",\"position\":1,\"name\":\"Accueil\",\"item\":\"https:\/\/www.ghislainegarcin.fr\/\"},{\"@type\":\"ListItem\",\"position\":2,\"name\":\"Boutique\",\"item\":\"https:\/\/www.ghislainegarcin.fr\/boutique\/\"},{\"@type\":\"ListItem\",\"position\":3,\"name\":\"Pi\u00e8ce murale Le Temps du R\u00eave\"}]},{\"@type\":\"WebSite\",\"@id\":\"https:\/\/www.ghislainegarcin.fr\/#website\",\"url\":\"https:\/\/www.ghislainegarcin.fr\/\",\"name\":\"Ghislaine Garcin\",\"description\":\"feutre art textile\",\"publisher\":{\"@id\":\"https:\/\/www.ghislainegarcin.fr\/#organization\"},\"potentialAction\":[{\"@type\":\"SearchAction\",\"target\":{\"@type\":\"EntryPoint\",\"urlTemplate\":\"https:\/\/www.ghislainegarcin.fr\/?s={search_term_string}\"},\"query-input\":{\"@type\":\"PropertyValueSpecification\",\"valueRequired\":true,\"valueName\":\"search_term_string\"}}],\"inLanguage\":\"en-GB\"},{\"@type\":\"Organization\",\"@id\":\"https:\/\/www.ghislainegarcin.fr\/#organization\",\"name\":\"Ghislaine Garcin\",\"url\":\"https:\/\/www.ghislainegarcin.fr\/\",\"logo\":{\"@type\":\"ImageObject\",\"inLanguage\":\"en-GB\",\"@id\":\"https:\/\/www.ghislainegarcin.fr\/#\/schema\/logo\/image\/\",\"url\":\"https:\/\/www.ghislainegarcin.fr\/wp-content\/uploads\/2025\/10\/cropped-newlogofeutrearttextileBD.jpg\",\"contentUrl\":\"https:\/\/www.ghislainegarcin.fr\/wp-content\/uploads\/2025\/10\/cropped-newlogofeutrearttextileBD.jpg\",\"width\":384,\"height\":108,\"caption\":\"Ghislaine Garcin\"},\"image\":{\"@id\":\"https:\/\/www.ghislainegarcin.fr\/#\/schema\/logo\/image\/\"},\"sameAs\":[\"https:\/\/www.facebook.com\/ghislainegarcin.creationstextiles\/\",\"https:\/\/www.instagram.com\/ghislainegarcin\/\",\"https:\/\/www.linkedin.com\/in\/ghislainegarcin\/\"]}]}<\/script>\n<!-- \/ Yoast SEO plugin. -->","yoast_head_json":{"title":"Pi\u00e8ce murale Le Temps du R\u00eave | Ghislaine Garcin","description":"Cette pi\u00e8ce murale d'inspiration aborig\u00e8ne fait partie de la Collection Le Temps du R\u00eave. Elle invite au voyage immobile dans une cartographie secr\u00e8te et mystique.","robots":{"index":"index","follow":"follow","max-snippet":"max-snippet:-1","max-image-preview":"max-image-preview:large","max-video-preview":"max-video-preview:-1"},"canonical":"https:\/\/www.ghislainegarcin.fr\/en\/product\/piece-murale-le-temps-du-reve\/","og_locale":"en_GB","og_type":"article","og_title":"Pi\u00e8ce murale Le Temps du R\u00eave | Ghislaine Garcin","og_description":"Cette pi\u00e8ce murale d'inspiration aborig\u00e8ne fait partie de la Collection Le Temps du R\u00eave. Elle invite au voyage immobile dans une cartographie secr\u00e8te et mystique.","og_url":"https:\/\/www.ghislainegarcin.fr\/en\/product\/piece-murale-le-temps-du-reve\/","og_site_name":"Ghislaine Garcin","article_publisher":"https:\/\/www.facebook.com\/ghislainegarcin.creationstextiles\/","article_modified_time":"2025-12-28T23:02:57+00:00","og_image":[{"width":1300,"height":1304,"url":"https:\/\/www.ghislainegarcin.fr\/wp-content\/uploads\/2024\/12\/GGarcin\u00a9ZoeForget01-gene.jpg","type":"image\/jpeg"}],"twitter_card":"summary_large_image","twitter_misc":{"Estimated reading time":"1 minute"},"schema":{"@context":"https:\/\/schema.org","@graph":[{"@type":"WebPage","@id":"https:\/\/www.ghislainegarcin.fr\/produit\/piece-murale-le-temps-du-reve\/","url":"https:\/\/www.ghislainegarcin.fr\/produit\/piece-murale-le-temps-du-reve\/","name":"Pi\u00e8ce murale Le Temps du R\u00eave | Ghislaine Garcin","isPartOf":{"@id":"https:\/\/www.ghislainegarcin.fr\/#website"},"primaryImageOfPage":{"@id":"https:\/\/www.ghislainegarcin.fr\/produit\/piece-murale-le-temps-du-reve\/#primaryimage"},"image":{"@id":"https:\/\/www.ghislainegarcin.fr\/produit\/piece-murale-le-temps-du-reve\/#primaryimage"},"thumbnailUrl":"https:\/\/www.ghislainegarcin.fr\/wp-content\/uploads\/2024\/12\/GGarcin\u00a9ZoeForget01-gene.jpg","datePublished":"2024-12-12T15:57:14+00:00","dateModified":"2025-12-28T23:02:57+00:00","description":"Cette pi\u00e8ce murale d'inspiration aborig\u00e8ne fait partie de la Collection Le Temps du R\u00eave. Elle invite au voyage immobile dans une cartographie secr\u00e8te et mystique.","breadcrumb":{"@id":"https:\/\/www.ghislainegarcin.fr\/produit\/piece-murale-le-temps-du-reve\/#breadcrumb"},"inLanguage":"en-GB","potentialAction":[{"@type":"ReadAction","target":["https:\/\/www.ghislainegarcin.fr\/produit\/piece-murale-le-temps-du-reve\/"]}]},{"@type":"ImageObject","inLanguage":"en-GB","@id":"https:\/\/www.ghislainegarcin.fr\/produit\/piece-murale-le-temps-du-reve\/#primaryimage","url":"https:\/\/www.ghislainegarcin.fr\/wp-content\/uploads\/2024\/12\/GGarcin\u00a9ZoeForget01-gene.jpg","contentUrl":"https:\/\/www.ghislainegarcin.fr\/wp-content\/uploads\/2024\/12\/GGarcin\u00a9ZoeForget01-gene.jpg","width":1300,"height":1304},{"@type":"BreadcrumbList","@id":"https:\/\/www.ghislainegarcin.fr\/produit\/piece-murale-le-temps-du-reve\/#breadcrumb","itemListElement":[{"@type":"ListItem","position":1,"name":"Accueil","item":"https:\/\/www.ghislainegarcin.fr\/"},{"@type":"ListItem","position":2,"name":"Boutique","item":"https:\/\/www.ghislainegarcin.fr\/boutique\/"},{"@type":"ListItem","position":3,"name":"Pi\u00e8ce murale Le Temps du R\u00eave"}]},{"@type":"WebSite","@id":"https:\/\/www.ghislainegarcin.fr\/#website","url":"https:\/\/www.ghislainegarcin.fr\/","name":"Ghislaine Garcin","description":"feutre art textile","publisher":{"@id":"https:\/\/www.ghislainegarcin.fr\/#organization"},"potentialAction":[{"@type":"SearchAction","target":{"@type":"EntryPoint","urlTemplate":"https:\/\/www.ghislainegarcin.fr\/?s={search_term_string}"},"query-input":{"@type":"PropertyValueSpecification","valueRequired":true,"valueName":"search_term_string"}}],"inLanguage":"en-GB"},{"@type":"Organization","@id":"https:\/\/www.ghislainegarcin.fr\/#organization","name":"Ghislaine Garcin","url":"https:\/\/www.ghislainegarcin.fr\/","logo":{"@type":"ImageObject","inLanguage":"en-GB","@id":"https:\/\/www.ghislainegarcin.fr\/#\/schema\/logo\/image\/","url":"https:\/\/www.ghislainegarcin.fr\/wp-content\/uploads\/2025\/10\/cropped-newlogofeutrearttextileBD.jpg","contentUrl":"https:\/\/www.ghislainegarcin.fr\/wp-content\/uploads\/2025\/10\/cropped-newlogofeutrearttextileBD.jpg","width":384,"height":108,"caption":"Ghislaine Garcin"},"image":{"@id":"https:\/\/www.ghislainegarcin.fr\/#\/schema\/logo\/image\/"},"sameAs":["https:\/\/www.facebook.com\/ghislainegarcin.creationstextiles\/","https:\/\/www.instagram.com\/ghislainegarcin\/","https:\/\/www.linkedin.com\/in\/ghislainegarcin\/"]}]}},"_links":{"self":[{"href":"https:\/\/www.ghislainegarcin.fr\/en\/wp-json\/wp\/v2\/product\/4319"}],"collection":[{"href":"https:\/\/www.ghislainegarcin.fr\/en\/wp-json\/wp\/v2\/product"}],"about":[{"href":"https:\/\/www.ghislainegarcin.fr\/en\/wp-json\/wp\/v2\/types\/product"}],"wp:featuredmedia":[{"embeddable":true,"href":"https:\/\/www.ghislainegarcin.fr\/en\/wp-json\/wp\/v2\/media\/4322"}],"wp:attachment":[{"href":"https:\/\/www.ghislainegarcin.fr\/en\/wp-json\/wp\/v2\/media?parent=4319"}],"wp:term":[{"taxonomy":"product_cat","embeddable":true,"href":"https:\/\/www.ghislainegarcin.fr\/en\/wp-json\/wp\/v2\/product_cat?post=4319"},{"taxonomy":"product_tag","embeddable":true,"href":"https:\/\/www.ghislainegarcin.fr\/en\/wp-json\/wp\/v2\/product_tag?post=4319"}],"curies":[{"name":"wp","href":"https:\/\/api.w.org\/{rel}","templated":true}]}}

Pièce murale Le Temps du Rêve

<p>Cette pièce murale d&rsquo;inspiration aborigène fait partie de la Collection Le Temps du Rêve.</p>
<p>Dimension 72 x 76 cm, coloris Ocre Rouge.</p>
<p>Maille &amp; feutre, support bois.</p>
<p>&nbsp;</p>

<p>Pièce unique. Dimension 72 x 76 cm, coloris Ocre Rouge</p>

<!-- This site is optimized with the Yoast SEO plugin v23.5 - https://yoast.com/wordpress/plugins/seo/ -->
<title>Pièce murale Le Temps du Rêve | Ghislaine Garcin</title>
<meta name="description" content="Cette pièce murale d&#039;inspiration aborigène fait partie de la Collection Le Temps du Rêve. Elle invite au voyage immobile dans une cartographie secrète et mystique." />
<meta name="robots" content="index, follow, max-snippet:-1, max-image-preview:large, max-video-preview:-1" />
<link rel="canonical" href="https://www.ghislainegarcin.fr/en/product/piece-murale-le-temps-du-reve/" />
<meta property="og:locale" content="en_GB" />
<meta property="og:type" content="article" />
<meta property="og:title" content="Pièce murale Le Temps du Rêve | Ghislaine Garcin" />
<meta property="og:description" content="Cette pièce murale d&#039;inspiration aborigène fait partie de la Collection Le Temps du Rêve. Elle invite au voyage immobile dans une cartographie secrète et mystique." />
<meta property="og:url" content="https://www.ghislainegarcin.fr/en/product/piece-murale-le-temps-du-reve/" />
<meta property="og:site_name" content="Ghislaine Garcin" />
<meta property="article:publisher" content="https://www.facebook.com/ghislainegarcin.creationstextiles/" />
<meta property="article:modified_time" content="2025-12-28T23:02:57+00:00" />
<meta property="og:image" content="https://www.ghislainegarcin.fr/wp-content/uploads/2024/12/GGarcin©ZoeForget01-gene.jpg" />
	<meta property="og:image:width" content="1300" />
	<meta property="og:image:height" content="1304" />
	<meta property="og:image:type" content="image/jpeg" />
<meta name="twitter:card" content="summary_large_image" />
<meta name="twitter:label1" content="Estimated reading time" />
	<meta name="twitter:data1" content="1 minute" />
<script type="application/ld+json" class="yoast-schema-graph">{"@context":"https://schema.org","@graph":[{"@type":"WebPage","@id":"https://www.ghislainegarcin.fr/produit/piece-murale-le-temps-du-reve/","url":"https://www.ghislainegarcin.fr/produit/piece-murale-le-temps-du-reve/","name":"Pièce murale Le Temps du Rêve | Ghislaine Garcin","isPartOf":{"@id":"https://www.ghislainegarcin.fr/#website"},"primaryImageOfPage":{"@id":"https://www.ghislainegarcin.fr/produit/piece-murale-le-temps-du-reve/#primaryimage"},"image":{"@id":"https://www.ghislainegarcin.fr/produit/piece-murale-le-temps-du-reve/#primaryimage"},"thumbnailUrl":"https://www.ghislainegarcin.fr/wp-content/uploads/2024/12/GGarcin©ZoeForget01-gene.jpg","datePublished":"2024-12-12T15:57:14+00:00","dateModified":"2025-12-28T23:02:57+00:00","description":"Cette pièce murale d'inspiration aborigène fait partie de la Collection Le Temps du Rêve. Elle invite au voyage immobile dans une cartographie secrète et mystique.","breadcrumb":{"@id":"https://www.ghislainegarcin.fr/produit/piece-murale-le-temps-du-reve/#breadcrumb"},"inLanguage":"en-GB","potentialAction":[{"@type":"ReadAction","target":["https://www.ghislainegarcin.fr/produit/piece-murale-le-temps-du-reve/"]}]},{"@type":"ImageObject","inLanguage":"en-GB","@id":"https://www.ghislainegarcin.fr/produit/piece-murale-le-temps-du-reve/#primaryimage","url":"https://www.ghislainegarcin.fr/wp-content/uploads/2024/12/GGarcin©ZoeForget01-gene.jpg","contentUrl":"https://www.ghislainegarcin.fr/wp-content/uploads/2024/12/GGarcin©ZoeForget01-gene.jpg","width":1300,"height":1304},{"@type":"BreadcrumbList","@id":"https://www.ghislainegarcin.fr/produit/piece-murale-le-temps-du-reve/#breadcrumb","itemListElement":[{"@type":"ListItem","position":1,"name":"Accueil","item":"https://www.ghislainegarcin.fr/"},{"@type":"ListItem","position":2,"name":"Boutique","item":"https://www.ghislainegarcin.fr/boutique/"},{"@type":"ListItem","position":3,"name":"Pièce murale Le Temps du Rêve"}]},{"@type":"WebSite","@id":"https://www.ghislainegarcin.fr/#website","url":"https://www.ghislainegarcin.fr/","name":"Ghislaine Garcin","description":"feutre art textile","publisher":{"@id":"https://www.ghislainegarcin.fr/#organization"},"potentialAction":[{"@type":"SearchAction","target":{"@type":"EntryPoint","urlTemplate":"https://www.ghislainegarcin.fr/?s={search_term_string}"},"query-input":{"@type":"PropertyValueSpecification","valueRequired":true,"valueName":"search_term_string"}}],"inLanguage":"en-GB"},{"@type":"Organization","@id":"https://www.ghislainegarcin.fr/#organization","name":"Ghislaine Garcin","url":"https://www.ghislainegarcin.fr/","logo":{"@type":"ImageObject","inLanguage":"en-GB","@id":"https://www.ghislainegarcin.fr/#/schema/logo/image/","url":"https://www.ghislainegarcin.fr/wp-content/uploads/2025/10/cropped-newlogofeutrearttextileBD.jpg","contentUrl":"https://www.ghislainegarcin.fr/wp-content/uploads/2025/10/cropped-newlogofeutrearttextileBD.jpg","width":384,"height":108,"caption":"Ghislaine Garcin"},"image":{"@id":"https://www.ghislainegarcin.fr/#/schema/logo/image/"},"sameAs":["https://www.facebook.com/ghislainegarcin.creationstextiles/","https://www.instagram.com/ghislainegarcin/","https://www.linkedin.com/in/ghislainegarcin/"]}]}</script>
<!-- / Yoast SEO plugin. -->

Pièce murale Le Temps du Rêve | Ghislaine Garcin

Cette pièce murale d'inspiration aborigène fait partie de la Collection Le Temps du Rêve. Elle invite au voyage immobile dans une cartographie secrète et mystique.
