{"id":4324,"date":"2024-12-12T17:12:59","date_gmt":"2024-12-12T16:12:59","guid":{"rendered":"https:\/\/www.ghislainegarcin.fr\/?post_type=product&#038;p=4324"},"modified":"2024-12-20T16:05:07","modified_gmt":"2024-12-20T15:05:07","slug":"tableau-ocean","status":"publish","type":"product","link":"https:\/\/www.ghislainegarcin.fr\/en\/product\/tableau-ocean\/","title":{"rendered":"Tableau Oc\u00e9an"},"content":{"rendered":"<p>Tableau Oc\u00e9an, coloris Bleu\/Vert.<\/p>\n<p>Dimension 87 x 80 cm, \u00e9paisseur 1 cm.<\/p>\n<p>Maille &amp; feutre, support bois.<\/p>","protected":false},"excerpt":{"rendered":"<p>Pi\u00e8ce unique. 87 x 80 cm<\/p>","protected":false},"featured_media":4362,"template":"","meta":[],"product_cat":[29],"product_tag":[],"yoast_head":"<!-- This site is optimized with the Yoast SEO plugin v23.5 - https:\/\/yoast.com\/wordpress\/plugins\/seo\/ -->\n<title>Tableau Oc\u00e9an | Ghislaine Garcin<\/title>\n<meta name=\"description\" content=\"Le tableau Oc\u00e9an empreint d&#039;une douce lumi\u00e8re invite \u00e0 la m\u00e9ditation et \u00e0 la contemplation.\" \/>\n<meta name=\"robots\" content=\"index, follow, max-snippet:-1, max-image-preview:large, max-video-preview:-1\" \/>\n<link rel=\"canonical\" href=\"https:\/\/www.ghislainegarcin.fr\/en\/product\/tableau-ocean\/\" \/>\n<meta property=\"og:locale\" content=\"en_GB\" \/>\n<meta property=\"og:type\" content=\"article\" \/>\n<meta property=\"og:title\" content=\"Tableau Oc\u00e9an | Ghislaine Garcin\" \/>\n<meta property=\"og:description\" content=\"Le tableau Oc\u00e9an empreint d&#039;une douce lumi\u00e8re invite \u00e0 la m\u00e9ditation et \u00e0 la contemplation.\" \/>\n<meta property=\"og:url\" content=\"https:\/\/www.ghislainegarcin.fr\/en\/product\/tableau-ocean\/\" \/>\n<meta property=\"og:site_name\" content=\"Ghislaine Garcin\" \/>\n<meta property=\"article:publisher\" content=\"https:\/\/www.facebook.com\/ghislainegarcin.creationstextiles\/\" \/>\n<meta property=\"article:modified_time\" content=\"2024-12-20T15:05:07+00:00\" \/>\n<meta property=\"og:image\" content=\"https:\/\/www.ghislainegarcin.fr\/wp-content\/uploads\/2024\/12\/IMG_20190307_151356-VENDU.jpg\" \/>\n\t<meta property=\"og:image:width\" content=\"1300\" \/>\n\t<meta property=\"og:image:height\" content=\"1301\" \/>\n\t<meta property=\"og:image:type\" content=\"image\/jpeg\" \/>\n<meta name=\"twitter:card\" content=\"summary_large_image\" \/>\n<meta name=\"twitter:label1\" content=\"Estimated reading time\" \/>\n\t<meta name=\"twitter:data1\" content=\"1 minute\" \/>\n<script type=\"application\/ld+json\" class=\"yoast-schema-graph\">{\"@context\":\"https:\/\/schema.org\",\"@graph\":[{\"@type\":\"WebPage\",\"@id\":\"https:\/\/www.ghislainegarcin.fr\/produit\/tableau-ocean\/\",\"url\":\"https:\/\/www.ghislainegarcin.fr\/produit\/tableau-ocean\/\",\"name\":\"Tableau Oc\u00e9an | Ghislaine Garcin\",\"isPartOf\":{\"@id\":\"https:\/\/www.ghislainegarcin.fr\/#website\"},\"primaryImageOfPage\":{\"@id\":\"https:\/\/www.ghislainegarcin.fr\/produit\/tableau-ocean\/#primaryimage\"},\"image\":{\"@id\":\"https:\/\/www.ghislainegarcin.fr\/produit\/tableau-ocean\/#primaryimage\"},\"thumbnailUrl\":\"https:\/\/www.ghislainegarcin.fr\/wp-content\/uploads\/2024\/12\/IMG_20190307_151356-VENDU.jpg\",\"datePublished\":\"2024-12-12T16:12:59+00:00\",\"dateModified\":\"2024-12-20T15:05:07+00:00\",\"description\":\"Le tableau Oc\u00e9an empreint d'une douce lumi\u00e8re invite \u00e0 la m\u00e9ditation et \u00e0 la contemplation.\",\"breadcrumb\":{\"@id\":\"https:\/\/www.ghislainegarcin.fr\/produit\/tableau-ocean\/#breadcrumb\"},\"inLanguage\":\"en-GB\",\"potentialAction\":[{\"@type\":\"ReadAction\",\"target\":[\"https:\/\/www.ghislainegarcin.fr\/produit\/tableau-ocean\/\"]}]},{\"@type\":\"ImageObject\",\"inLanguage\":\"en-GB\",\"@id\":\"https:\/\/www.ghislainegarcin.fr\/produit\/tableau-ocean\/#primaryimage\",\"url\":\"https:\/\/www.ghislainegarcin.fr\/wp-content\/uploads\/2024\/12\/IMG_20190307_151356-VENDU.jpg\",\"contentUrl\":\"https:\/\/www.ghislainegarcin.fr\/wp-content\/uploads\/2024\/12\/IMG_20190307_151356-VENDU.jpg\",\"width\":1300,\"height\":1301},{\"@type\":\"BreadcrumbList\",\"@id\":\"https:\/\/www.ghislainegarcin.fr\/produit\/tableau-ocean\/#breadcrumb\",\"itemListElement\":[{\"@type\":\"ListItem\",\"position\":1,\"name\":\"Accueil\",\"item\":\"https:\/\/www.ghislainegarcin.fr\/\"},{\"@type\":\"ListItem\",\"position\":2,\"name\":\"Boutique\",\"item\":\"https:\/\/www.ghislainegarcin.fr\/boutique\/\"},{\"@type\":\"ListItem\",\"position\":3,\"name\":\"Tableau Oc\u00e9an\"}]},{\"@type\":\"WebSite\",\"@id\":\"https:\/\/www.ghislainegarcin.fr\/#website\",\"url\":\"https:\/\/www.ghislainegarcin.fr\/\",\"name\":\"Ghislaine Garcin\",\"description\":\"feutre art textile\",\"publisher\":{\"@id\":\"https:\/\/www.ghislainegarcin.fr\/#organization\"},\"potentialAction\":[{\"@type\":\"SearchAction\",\"target\":{\"@type\":\"EntryPoint\",\"urlTemplate\":\"https:\/\/www.ghislainegarcin.fr\/?s={search_term_string}\"},\"query-input\":{\"@type\":\"PropertyValueSpecification\",\"valueRequired\":true,\"valueName\":\"search_term_string\"}}],\"inLanguage\":\"en-GB\"},{\"@type\":\"Organization\",\"@id\":\"https:\/\/www.ghislainegarcin.fr\/#organization\",\"name\":\"Ghislaine Garcin\",\"url\":\"https:\/\/www.ghislainegarcin.fr\/\",\"logo\":{\"@type\":\"ImageObject\",\"inLanguage\":\"en-GB\",\"@id\":\"https:\/\/www.ghislainegarcin.fr\/#\/schema\/logo\/image\/\",\"url\":\"https:\/\/www.ghislainegarcin.fr\/wp-content\/uploads\/2025\/10\/cropped-newlogofeutrearttextileBD.jpg\",\"contentUrl\":\"https:\/\/www.ghislainegarcin.fr\/wp-content\/uploads\/2025\/10\/cropped-newlogofeutrearttextileBD.jpg\",\"width\":384,\"height\":108,\"caption\":\"Ghislaine Garcin\"},\"image\":{\"@id\":\"https:\/\/www.ghislainegarcin.fr\/#\/schema\/logo\/image\/\"},\"sameAs\":[\"https:\/\/www.facebook.com\/ghislainegarcin.creationstextiles\/\",\"https:\/\/www.instagram.com\/ghislainegarcin\/\",\"https:\/\/www.linkedin.com\/in\/ghislainegarcin\/\"]}]}<\/script>\n<!-- \/ Yoast SEO plugin. -->","yoast_head_json":{"title":"Tableau Oc\u00e9an | Ghislaine Garcin","description":"Le tableau Oc\u00e9an empreint d'une douce lumi\u00e8re invite \u00e0 la m\u00e9ditation et \u00e0 la contemplation.","robots":{"index":"index","follow":"follow","max-snippet":"max-snippet:-1","max-image-preview":"max-image-preview:large","max-video-preview":"max-video-preview:-1"},"canonical":"https:\/\/www.ghislainegarcin.fr\/en\/product\/tableau-ocean\/","og_locale":"en_GB","og_type":"article","og_title":"Tableau Oc\u00e9an | Ghislaine Garcin","og_description":"Le tableau Oc\u00e9an empreint d'une douce lumi\u00e8re invite \u00e0 la m\u00e9ditation et \u00e0 la contemplation.","og_url":"https:\/\/www.ghislainegarcin.fr\/en\/product\/tableau-ocean\/","og_site_name":"Ghislaine Garcin","article_publisher":"https:\/\/www.facebook.com\/ghislainegarcin.creationstextiles\/","article_modified_time":"2024-12-20T15:05:07+00:00","og_image":[{"width":1300,"height":1301,"url":"https:\/\/www.ghislainegarcin.fr\/wp-content\/uploads\/2024\/12\/IMG_20190307_151356-VENDU.jpg","type":"image\/jpeg"}],"twitter_card":"summary_large_image","twitter_misc":{"Estimated reading time":"1 minute"},"schema":{"@context":"https:\/\/schema.org","@graph":[{"@type":"WebPage","@id":"https:\/\/www.ghislainegarcin.fr\/produit\/tableau-ocean\/","url":"https:\/\/www.ghislainegarcin.fr\/produit\/tableau-ocean\/","name":"Tableau Oc\u00e9an | Ghislaine Garcin","isPartOf":{"@id":"https:\/\/www.ghislainegarcin.fr\/#website"},"primaryImageOfPage":{"@id":"https:\/\/www.ghislainegarcin.fr\/produit\/tableau-ocean\/#primaryimage"},"image":{"@id":"https:\/\/www.ghislainegarcin.fr\/produit\/tableau-ocean\/#primaryimage"},"thumbnailUrl":"https:\/\/www.ghislainegarcin.fr\/wp-content\/uploads\/2024\/12\/IMG_20190307_151356-VENDU.jpg","datePublished":"2024-12-12T16:12:59+00:00","dateModified":"2024-12-20T15:05:07+00:00","description":"Le tableau Oc\u00e9an empreint d'une douce lumi\u00e8re invite \u00e0 la m\u00e9ditation et \u00e0 la contemplation.","breadcrumb":{"@id":"https:\/\/www.ghislainegarcin.fr\/produit\/tableau-ocean\/#breadcrumb"},"inLanguage":"en-GB","potentialAction":[{"@type":"ReadAction","target":["https:\/\/www.ghislainegarcin.fr\/produit\/tableau-ocean\/"]}]},{"@type":"ImageObject","inLanguage":"en-GB","@id":"https:\/\/www.ghislainegarcin.fr\/produit\/tableau-ocean\/#primaryimage","url":"https:\/\/www.ghislainegarcin.fr\/wp-content\/uploads\/2024\/12\/IMG_20190307_151356-VENDU.jpg","contentUrl":"https:\/\/www.ghislainegarcin.fr\/wp-content\/uploads\/2024\/12\/IMG_20190307_151356-VENDU.jpg","width":1300,"height":1301},{"@type":"BreadcrumbList","@id":"https:\/\/www.ghislainegarcin.fr\/produit\/tableau-ocean\/#breadcrumb","itemListElement":[{"@type":"ListItem","position":1,"name":"Accueil","item":"https:\/\/www.ghislainegarcin.fr\/"},{"@type":"ListItem","position":2,"name":"Boutique","item":"https:\/\/www.ghislainegarcin.fr\/boutique\/"},{"@type":"ListItem","position":3,"name":"Tableau Oc\u00e9an"}]},{"@type":"WebSite","@id":"https:\/\/www.ghislainegarcin.fr\/#website","url":"https:\/\/www.ghislainegarcin.fr\/","name":"Ghislaine Garcin","description":"feutre art textile","publisher":{"@id":"https:\/\/www.ghislainegarcin.fr\/#organization"},"potentialAction":[{"@type":"SearchAction","target":{"@type":"EntryPoint","urlTemplate":"https:\/\/www.ghislainegarcin.fr\/?s={search_term_string}"},"query-input":{"@type":"PropertyValueSpecification","valueRequired":true,"valueName":"search_term_string"}}],"inLanguage":"en-GB"},{"@type":"Organization","@id":"https:\/\/www.ghislainegarcin.fr\/#organization","name":"Ghislaine Garcin","url":"https:\/\/www.ghislainegarcin.fr\/","logo":{"@type":"ImageObject","inLanguage":"en-GB","@id":"https:\/\/www.ghislainegarcin.fr\/#\/schema\/logo\/image\/","url":"https:\/\/www.ghislainegarcin.fr\/wp-content\/uploads\/2025\/10\/cropped-newlogofeutrearttextileBD.jpg","contentUrl":"https:\/\/www.ghislainegarcin.fr\/wp-content\/uploads\/2025\/10\/cropped-newlogofeutrearttextileBD.jpg","width":384,"height":108,"caption":"Ghislaine Garcin"},"image":{"@id":"https:\/\/www.ghislainegarcin.fr\/#\/schema\/logo\/image\/"},"sameAs":["https:\/\/www.facebook.com\/ghislainegarcin.creationstextiles\/","https:\/\/www.instagram.com\/ghislainegarcin\/","https:\/\/www.linkedin.com\/in\/ghislainegarcin\/"]}]}},"_links":{"self":[{"href":"https:\/\/www.ghislainegarcin.fr\/en\/wp-json\/wp\/v2\/product\/4324"}],"collection":[{"href":"https:\/\/www.ghislainegarcin.fr\/en\/wp-json\/wp\/v2\/product"}],"about":[{"href":"https:\/\/www.ghislainegarcin.fr\/en\/wp-json\/wp\/v2\/types\/product"}],"wp:featuredmedia":[{"embeddable":true,"href":"https:\/\/www.ghislainegarcin.fr\/en\/wp-json\/wp\/v2\/media\/4362"}],"wp:attachment":[{"href":"https:\/\/www.ghislainegarcin.fr\/en\/wp-json\/wp\/v2\/media?parent=4324"}],"wp:term":[{"taxonomy":"product_cat","embeddable":true,"href":"https:\/\/www.ghislainegarcin.fr\/en\/wp-json\/wp\/v2\/product_cat?post=4324"},{"taxonomy":"product_tag","embeddable":true,"href":"https:\/\/www.ghislainegarcin.fr\/en\/wp-json\/wp\/v2\/product_tag?post=4324"}],"curies":[{"name":"wp","href":"https:\/\/api.w.org\/{rel}","templated":true}]}}

Tableau Océan

<p>Tableau Océan, coloris Bleu/Vert.</p>
<p>Dimension 87 x 80 cm, épaisseur 1 cm.</p>
<p>Maille &amp; feutre, support bois.</p>

<p>Pièce unique. 87 x 80 cm</p>

<!-- This site is optimized with the Yoast SEO plugin v23.5 - https://yoast.com/wordpress/plugins/seo/ -->
<title>Tableau Océan | Ghislaine Garcin</title>
<meta name="description" content="Le tableau Océan empreint d&#039;une douce lumière invite à la méditation et à la contemplation." />
<meta name="robots" content="index, follow, max-snippet:-1, max-image-preview:large, max-video-preview:-1" />
<link rel="canonical" href="https://www.ghislainegarcin.fr/en/product/tableau-ocean/" />
<meta property="og:locale" content="en_GB" />
<meta property="og:type" content="article" />
<meta property="og:title" content="Tableau Océan | Ghislaine Garcin" />
<meta property="og:description" content="Le tableau Océan empreint d&#039;une douce lumière invite à la méditation et à la contemplation." />
<meta property="og:url" content="https://www.ghislainegarcin.fr/en/product/tableau-ocean/" />
<meta property="og:site_name" content="Ghislaine Garcin" />
<meta property="article:publisher" content="https://www.facebook.com/ghislainegarcin.creationstextiles/" />
<meta property="article:modified_time" content="2024-12-20T15:05:07+00:00" />
<meta property="og:image" content="https://www.ghislainegarcin.fr/wp-content/uploads/2024/12/IMG_20190307_151356-VENDU.jpg" />
	<meta property="og:image:width" content="1300" />
	<meta property="og:image:height" content="1301" />
	<meta property="og:image:type" content="image/jpeg" />
<meta name="twitter:card" content="summary_large_image" />
<meta name="twitter:label1" content="Estimated reading time" />
	<meta name="twitter:data1" content="1 minute" />
<script type="application/ld+json" class="yoast-schema-graph">{"@context":"https://schema.org","@graph":[{"@type":"WebPage","@id":"https://www.ghislainegarcin.fr/produit/tableau-ocean/","url":"https://www.ghislainegarcin.fr/produit/tableau-ocean/","name":"Tableau Océan | Ghislaine Garcin","isPartOf":{"@id":"https://www.ghislainegarcin.fr/#website"},"primaryImageOfPage":{"@id":"https://www.ghislainegarcin.fr/produit/tableau-ocean/#primaryimage"},"image":{"@id":"https://www.ghislainegarcin.fr/produit/tableau-ocean/#primaryimage"},"thumbnailUrl":"https://www.ghislainegarcin.fr/wp-content/uploads/2024/12/IMG_20190307_151356-VENDU.jpg","datePublished":"2024-12-12T16:12:59+00:00","dateModified":"2024-12-20T15:05:07+00:00","description":"Le tableau Océan empreint d'une douce lumière invite à la méditation et à la contemplation.","breadcrumb":{"@id":"https://www.ghislainegarcin.fr/produit/tableau-ocean/#breadcrumb"},"inLanguage":"en-GB","potentialAction":[{"@type":"ReadAction","target":["https://www.ghislainegarcin.fr/produit/tableau-ocean/"]}]},{"@type":"ImageObject","inLanguage":"en-GB","@id":"https://www.ghislainegarcin.fr/produit/tableau-ocean/#primaryimage","url":"https://www.ghislainegarcin.fr/wp-content/uploads/2024/12/IMG_20190307_151356-VENDU.jpg","contentUrl":"https://www.ghislainegarcin.fr/wp-content/uploads/2024/12/IMG_20190307_151356-VENDU.jpg","width":1300,"height":1301},{"@type":"BreadcrumbList","@id":"https://www.ghislainegarcin.fr/produit/tableau-ocean/#breadcrumb","itemListElement":[{"@type":"ListItem","position":1,"name":"Accueil","item":"https://www.ghislainegarcin.fr/"},{"@type":"ListItem","position":2,"name":"Boutique","item":"https://www.ghislainegarcin.fr/boutique/"},{"@type":"ListItem","position":3,"name":"Tableau Océan"}]},{"@type":"WebSite","@id":"https://www.ghislainegarcin.fr/#website","url":"https://www.ghislainegarcin.fr/","name":"Ghislaine Garcin","description":"feutre art textile","publisher":{"@id":"https://www.ghislainegarcin.fr/#organization"},"potentialAction":[{"@type":"SearchAction","target":{"@type":"EntryPoint","urlTemplate":"https://www.ghislainegarcin.fr/?s={search_term_string}"},"query-input":{"@type":"PropertyValueSpecification","valueRequired":true,"valueName":"search_term_string"}}],"inLanguage":"en-GB"},{"@type":"Organization","@id":"https://www.ghislainegarcin.fr/#organization","name":"Ghislaine Garcin","url":"https://www.ghislainegarcin.fr/","logo":{"@type":"ImageObject","inLanguage":"en-GB","@id":"https://www.ghislainegarcin.fr/#/schema/logo/image/","url":"https://www.ghislainegarcin.fr/wp-content/uploads/2025/10/cropped-newlogofeutrearttextileBD.jpg","contentUrl":"https://www.ghislainegarcin.fr/wp-content/uploads/2025/10/cropped-newlogofeutrearttextileBD.jpg","width":384,"height":108,"caption":"Ghislaine Garcin"},"image":{"@id":"https://www.ghislainegarcin.fr/#/schema/logo/image/"},"sameAs":["https://www.facebook.com/ghislainegarcin.creationstextiles/","https://www.instagram.com/ghislainegarcin/","https://www.linkedin.com/in/ghislainegarcin/"]}]}</script>
<!-- / Yoast SEO plugin. -->

Tableau Océan | Ghislaine Garcin

Le tableau Océan empreint d'une douce lumière invite à la méditation et à la contemplation.
